[INFO] cloning repository https://github.com/spockchain/scavenger
[INFO] running `Command { std: "git" "-c" "credential.helper=" "-c" "credential.helper=/workspace/cargo-home/bin/git-credential-null" "clone" "--bare" "https://github.com/spockchain/scavenger" "/workspace/cache/git-repos/https%3A%2F%2Fgithub.com%2Fspockchain%2Fscavenger", kill_on_drop: false }`
[INFO] [stderr] Cloning into bare repository '/workspace/cache/git-repos/https%3A%2F%2Fgithub.com%2Fspockchain%2Fscavenger'...
[INFO] running `Command { std: "git" "rev-parse" "HEAD", kill_on_drop: false }`
[INFO] [stdout] 730e66523d099f61a16a4a3911512aa5eb2cb20d
[INFO] checking spockchain/scavenger against master#af3c6e733a40e671550e0f0f5aeecaa13772ba56 for pr-74989
[INFO] running `Command { std: "git" "clone" "/workspace/cache/git-repos/https%3A%2F%2Fgithub.com%2Fspockchain%2Fscavenger" "/workspace/builds/worker-12/source", kill_on_drop: false }`
[INFO] [stderr] Cloning into '/workspace/builds/worker-12/source'...
[INFO] [stderr] done.
[INFO] validating manifest of git repo https://github.com/spockchain/scavenger on toolchain af3c6e733a40e671550e0f0f5aeecaa13772ba56
[INFO] running `Command { std: "/workspace/cargo-home/bin/cargo" "+af3c6e733a40e671550e0f0f5aeecaa13772ba56" "read-manifest" "--manifest-path" "Cargo.toml", kill_on_drop: false }`
[INFO] started tweaking git repo https://github.com/spockchain/scavenger
[INFO] finished tweaking git repo https://github.com/spockchain/scavenger
[INFO] tweaked toml for git repo https://github.com/spockchain/scavenger written to /workspace/builds/worker-12/source/Cargo.toml
[INFO] crate git repo https://github.com/spockchain/scavenger already has a lockfile, it will not be regenerated
[INFO] running `Command { std: "/workspace/cargo-home/bin/cargo" "+af3c6e733a40e671550e0f0f5aeecaa13772ba56" "fetch" "--locked" "--manifest-path" "Cargo.toml", kill_on_drop: false }`
[INFO] [stderr]     Blocking waiting for file lock on package cache
[INFO] running `Command { std: "docker" "create" "-v" "/var/lib/crater-agent-workspace/builds/worker-12/target:/opt/rustwide/target:rw,Z" "-v" "/var/lib/crater-agent-workspace/builds/worker-12/source:/opt/rustwide/workdir:ro,Z" "-v" "/var/lib/crater-agent-workspace/cargo-home:/opt/rustwide/cargo-home:ro,Z" "-v" "/var/lib/crater-agent-workspace/rustup-home:/opt/rustwide/rustup-home:ro,Z" "-e" "SOURCE_DIR=/opt/rustwide/workdir" "-e" "CARGO_TARGET_DIR=/opt/rustwide/target" "-e" "CARGO_HOME=/opt/rustwide/cargo-home" "-e" "RUSTUP_HOME=/opt/rustwide/rustup-home" "-w" "/opt/rustwide/workdir" "-m" "1610612736" "--user" "0:0" "--network" "none" "rustops/crates-build-env@sha256:d92eaeed33fa75130ca1ee6c8a01d1ffb62bac859dfdfb3450e3e5d1c0146529" "/opt/rustwide/cargo-home/bin/cargo" "+af3c6e733a40e671550e0f0f5aeecaa13772ba56" "metadata" "--no-deps" "--format-version=1", kill_on_drop: false }`
[INFO] [stderr] WARNING: Your kernel does not support swap limit capabilities or the cgroup is not mounted. Memory limited without swap.
[INFO] [stdout] 0f7f9850d17dba4747d92ab133e1c16a620b189ab82af09f5ea9307933c8d9de
[INFO] running `Command { std: "docker" "start" "-a" "0f7f9850d17dba4747d92ab133e1c16a620b189ab82af09f5ea9307933c8d9de", kill_on_drop: false }`
[INFO] running `Command { std: "docker" "inspect" "0f7f9850d17dba4747d92ab133e1c16a620b189ab82af09f5ea9307933c8d9de", kill_on_drop: false }`
[INFO] running `Command { std: "docker" "rm" "-f" "0f7f9850d17dba4747d92ab133e1c16a620b189ab82af09f5ea9307933c8d9de", kill_on_drop: false }`
[INFO] [stdout] 0f7f9850d17dba4747d92ab133e1c16a620b189ab82af09f5ea9307933c8d9de
[INFO] running `Command { std: "docker" "create" "-v" "/var/lib/crater-agent-workspace/builds/worker-12/target:/opt/rustwide/target:rw,Z" "-v" "/var/lib/crater-agent-workspace/builds/worker-12/source:/opt/rustwide/workdir:ro,Z" "-v" "/var/lib/crater-agent-workspace/cargo-home:/opt/rustwide/cargo-home:ro,Z" "-v" "/var/lib/crater-agent-workspace/rustup-home:/opt/rustwide/rustup-home:ro,Z" "-e" "SOURCE_DIR=/opt/rustwide/workdir" "-e" "CARGO_TARGET_DIR=/opt/rustwide/target" "-e" "CARGO_INCREMENTAL=0" "-e" "RUST_BACKTRACE=full" "-e" "RUSTFLAGS=--cap-lints=forbid" "-e" "CARGO_HOME=/opt/rustwide/cargo-home" "-e" "RUSTUP_HOME=/opt/rustwide/rustup-home" "-w" "/opt/rustwide/workdir" "-m" "1610612736" "--user" "0:0" "--network" "none" "rustops/crates-build-env@sha256:d92eaeed33fa75130ca1ee6c8a01d1ffb62bac859dfdfb3450e3e5d1c0146529" "/opt/rustwide/cargo-home/bin/cargo" "+af3c6e733a40e671550e0f0f5aeecaa13772ba56" "check" "--frozen" "--all" "--all-targets" "--message-format=json", kill_on_drop: false }`
[INFO] [stdout] f1fdc17c5b77e88eb44c617d0df3d200b028d29ece7a21a692ded1f962b9c360
[INFO] [stderr] WARNING: Your kernel does not support swap limit capabilities or the cgroup is not mounted. Memory limited without swap.
[INFO] running `Command { std: "docker" "start" "-a" "f1fdc17c5b77e88eb44c617d0df3d200b028d29ece7a21a692ded1f962b9c360", kill_on_drop: false }`
[INFO] [stderr]     Blocking waiting for file lock on package cache
[INFO] [stderr]     Blocking waiting for file lock on package cache
[INFO] [stderr]    Compiling autocfg v0.1.2
[INFO] [stderr]     Checking lazy_static v1.3.0
[INFO] [stderr]    Compiling cc v1.0.36
[INFO] [stderr]    Compiling serde v1.0.91
[INFO] [stderr]     Checking rand_core v0.4.0
[INFO] [stderr]    Compiling version_check v0.1.5
[INFO] [stderr]     Checking scopeguard v0.3.3
[INFO] [stderr]     Checking slab v0.4.2
[INFO] [stderr]    Compiling semver-parser v0.7.0
[INFO] [stderr]    Compiling arrayvec v0.4.10
[INFO] [stderr]    Compiling num-traits v0.2.6
[INFO] [stderr]     Checking nodrop v0.1.13
[INFO] [stderr]     Checking memoffset v0.2.1
[INFO] [stderr]     Checking fnv v1.0.6
[INFO] [stderr]     Checking stable_deref_trait v1.1.1
[INFO] [stderr]    Compiling proc-macro2 v0.4.30
[INFO] [stderr]    Compiling unicode-xid v0.1.0
[INFO] [stderr]     Checking lazycell v1.2.1
[INFO] [stderr]     Checking itoa v0.4.4
[INFO] [stderr]     Checking matches v0.1.8
[INFO] [stderr]     Checking untrusted v0.6.2
[INFO] [stderr]    Compiling num-integer v0.1.39
[INFO] [stderr]    Compiling build_const v0.2.1
[INFO] [stderr]    Compiling memchr v2.2.0
[INFO] [stderr]    Compiling ryu v0.2.8
[INFO] [stderr]     Checking rustc-demangle v0.1.14
[INFO] [stderr]     Checking rustc-serialize v0.3.24
[INFO] [stderr]    Compiling httparse v1.3.3
[INFO] [stderr]    Compiling crc32fast v1.2.0
[INFO] [stderr]     Checking ucd-util v0.1.3
[INFO] [stderr]     Checking adler32 v1.0.3
[INFO] [stderr]    Compiling failure_derive v0.1.5
[INFO] [stderr]    Compiling num-iter v0.1.37
[INFO] [stderr]     Checking utf8-ranges v1.0.2
[INFO] [stderr]     Checking dtoa v0.4.4
[INFO] [stderr]    Compiling winapi-build v0.1.1
[INFO] [stderr]    Compiling rayon-core v1.4.1
[INFO] [stderr]     Checking indexmap v1.0.2
[INFO] [stderr]     Checking linked-hash-map v0.5.2
[INFO] [stderr]     Checking traitobject v0.1.0
[INFO] [stderr]     Checking unicode-width v0.1.5
[INFO] [stderr]     Checking winapi v0.2.8
[INFO] [stderr]    Compiling rayon v1.0.3
[INFO] [stderr]     Checking quick-error v1.2.2
[INFO] [stderr]     Checking log-mdc v0.1.0
[INFO] [stderr]     Checking either v1.5.2
[INFO] [stderr]     Checking vec_map v0.8.1
[INFO] [stderr]     Checking antidote v1.0.0
[INFO] [stderr]     Checking arc-swap v0.3.11
[INFO] [stderr]     Checking strsim v0.7.0
[INFO] [stderr]     Checking bitflags v1.0.4
[INFO] [stderr]     Checking try_from v0.3.2
[INFO] [stderr]     Checking owning_ref v0.4.0
[INFO] [stderr]     Checking crossbeam-utils v0.6.5
[INFO] [stderr]     Checking thread_local v0.3.6
[INFO] [stderr]     Checking tokio-trace-core v0.1.0
[INFO] [stderr]     Checking tokio-sync v0.1.5
[INFO] [stderr]    Compiling semver v0.9.0
[INFO] [stderr]     Checking unicode-bidi v0.3.4
[INFO] [stderr]     Checking rand_core v0.3.1
[INFO] [stderr]     Checking rand_jitter v0.1.4
[INFO] [stderr]    Compiling crc v1.8.1
[INFO] [stderr]     Checking miniz_oxide v0.2.1
[INFO] [stderr]     Checking regex-syntax v0.6.6
[INFO] [stderr]    Compiling unicase v1.4.2
[INFO] [stderr]    Compiling unicase v2.4.0
[INFO] [stderr]    Compiling error-chain v0.12.1
[INFO] [stderr]    Compiling rand_pcg v0.1.2
[INFO] [stderr]    Compiling rand_chacha v0.1.1
[INFO] [stderr]    Compiling rand v0.6.5
[INFO] [stderr]    Compiling backtrace v0.3.15
[INFO] [stderr]     Checking textwrap v0.9.0
[INFO] [stderr]     Checking unsafe-any v0.4.2
[INFO] [stderr]     Checking humantime v1.2.0
[INFO] [stderr]    Compiling libc v0.2.54
[INFO] [stderr]     Checking yaml-rust v0.4.3
[INFO] [stderr]    Compiling kernel32-sys v0.2.2
[INFO] [stderr]     Checking lock_api v0.1.5
[INFO] [stderr]     Checking rand_isaac v0.1.1
[INFO] [stderr]     Checking rand_hc v0.1.0
[INFO] [stderr]     Checking rand_xorshift v0.1.1
[INFO] [stderr]    Compiling rustc_version v0.2.3
[INFO] [stderr]     Checking tokio-executor v0.1.7
[INFO] [stderr]     Checking crossbeam-queue v0.1.2
[INFO] [stderr]     Checking crossbeam-channel v0.3.8
[INFO] [stderr]     Checking encoding_rs v0.8.17
[INFO] [stderr]     Checking idna v0.1.5
[INFO] [stderr]     Checking iovec v0.1.2
[INFO] [stderr]     Checking rand_os v0.1.3
[INFO] [stderr]     Checking net2 v0.2.33
[INFO] [stderr]     Checking thread-id v3.3.0
[INFO] [stderr]     Checking page_size v0.4.1
[INFO] [stderr]     Checking filetime v0.2.5
[INFO] [stderr]     Checking hostname v0.1.5
[INFO] [stderr]     Checking base64 v0.10.1
[INFO] [stderr]     Checking typemap v0.3.3
[INFO] [stderr]     Checking tokio-current-thread v0.1.6
[INFO] [stderr]     Checking tokio-timer v0.2.10
[INFO] [stderr]    Compiling ring v0.14.6
[INFO] [stderr]    Compiling backtrace-sys v0.1.28
[INFO] [stderr]    Compiling miniz-sys v0.1.11
[INFO] [stderr]    Compiling miniz_oxide_c_api v0.2.1
[INFO] [stderr]    Compiling scavenger v1.7.8 (/opt/rustwide/workdir)
[INFO] [stderr]     Checking crossbeam-epoch v0.7.1
[INFO] [stderr]     Checking crossbeam-epoch v0.3.1
[INFO] [stderr]     Checking futures-cpupool v0.1.8
[INFO] [stderr]     Checking core_affinity v0.5.9
[INFO] [stderr]     Checking pbr v1.0.1
[INFO] [stderr]     Checking clap v2.30.0
[INFO] [stderr]    Compiling quote v0.6.12
[INFO] [stderr]     Checking bytes v0.4.12
[INFO] [stderr]    Compiling parking_lot_core v0.4.0
[INFO] [stderr]     Checking aho-corasick v0.7.3
[INFO] [stderr]     Checking url v1.7.2
[INFO] [stderr]     Checking mime v0.3.13
[INFO] [stderr]     Checking num-complex v0.1.43
[INFO] [stderr]     Checking ordered-float v1.0.2
[INFO] [stderr]    Compiling syn v0.15.34
[INFO] [stderr]     Checking crossbeam-deque v0.7.1
[INFO] [stderr]    Compiling phf_shared v0.7.24
[INFO] [stderr]     Checking crossbeam-deque v0.2.0
[INFO] [stderr]     Checking aligned_alloc v0.1.3
[INFO] [stderr]     Checking http v0.1.17
[INFO] [stderr]     Checking num-bigint v0.1.44
[INFO] [stderr]     Checking chrono v0.4.6
[INFO] [stderr]     Checking phf v0.7.24
[INFO] [stderr]     Checking regex v1.1.6
[INFO] [stderr]     Checking flate2 v1.0.7
[INFO] [stderr]     Checking cookie v0.11.1
[INFO] [stderr]     Checking num-rational v0.1.42
[INFO] [stderr]     Checking uuid v0.7.4
[INFO] [stderr]    Compiling phf_generator v0.7.24
[INFO] [stderr]    Compiling phf_codegen v0.7.24
[INFO] [stderr]     Checking webpki v0.19.1
[INFO] [stderr]     Checking sct v0.5.0
[INFO] [stderr]     Checking num v0.1.42
[INFO] [stderr]     Checking parking_lot v0.7.1
[INFO] [stderr]     Checking stopwatch v0.0.7
[INFO] [stderr]     Checking ct-logs v0.5.1
[INFO] [stderr]    Compiling mime_guess v2.0.0-alpha.6
[INFO] [stderr]     Checking publicsuffix v1.5.2
[INFO] [stderr]     Checking webpki-roots v0.16.0
[INFO] [stderr]     Checking log v0.4.6
[INFO] [stderr]     Checking serde_json v1.0.39
[INFO] [stderr]     Checking serde_urlencoded v0.5.5
[INFO] [stderr]     Checking serde_yaml v0.8.9
[INFO] [stderr]     Checking serde-value v0.5.3
[INFO] [stderr]     Checking url_serde v0.2.0
[INFO] [stderr]    Compiling synstructure v0.10.1
[INFO] [stderr]     Checking tokio-io v0.1.12
[INFO] [stderr]     Checking mio v0.6.16
[INFO] [stderr]     Checking tokio-threadpool v0.1.14
[INFO] [stderr]     Checking rustls v0.15.2
[INFO] [stderr]     Checking want v0.0.6
[INFO] [stderr]     Checking tokio-codec v0.1.1
[INFO] [stderr]     Checking h2 v0.1.18
[INFO] [stderr]     Checking tokio-fs v0.1.6
[INFO] [stderr]     Checking tokio-reactor v0.1.9
[INFO] [stderr]     Checking mio-uds v0.6.7
[INFO] [stderr]     Checking tokio-tcp v0.1.3
[INFO] [stderr]     Checking tokio-udp v0.1.3
[INFO] [stderr]     Checking tokio-uds v0.2.5
[INFO] [stderr]    Compiling serde_derive v1.0.91
[INFO] [stderr]     Checking tokio v0.1.19
[INFO] [stderr]     Checking failure v0.1.5
[INFO] [stderr]     Checking tokio-rustls v0.9.2
[INFO] [stderr]     Checking hyper v0.12.28
[INFO] [stderr]     Checking hyper-rustls v0.16.1
[INFO] [stderr]     Checking cookie_store v0.5.1
[INFO] [stderr]     Checking log4rs v0.8.3
[INFO] [stderr]     Checking reqwest v0.9.16
[INFO] [stdout] warning: unused import: `url::form_urlencoded::byte_serialize`
[INFO] [stdout]   --> src/com/client.rs:11:5
[INFO] [stdout]    |
[INFO] [stdout] 11 | use url::form_urlencoded::byte_serialize;
[INFO] [stdout]    |     ^^^^^^^^^^^^^^^^^^^^^^^^^^^^^^^^^^^^
[INFO] [stdout]    |
[INFO] [stdout]    = note: `#[warn(unused_imports)]` on by default
[INFO] [stdout] 
[INFO] [stdout] 
[INFO] [stdout] warning: trait objects without an explicit `dyn` are deprecated
[INFO] [stdout]   --> src/cpu_worker.rs:67:34
[INFO] [stdout]    |
[INFO] [stdout] 67 |     tx_empty_buffers: Sender<Box<Buffer + Send>>,
[INFO] [stdout]    |                                  ^^^^^^^^^^^^^ help: use `dyn`: `dyn Buffer + Send`
[INFO] [stdout]    |
[INFO] [stdout]    = note: `#[warn(bare_trait_objects)]` on by default
[INFO] [stdout] 
[INFO] [stdout] 
[INFO] [stdout] warning: trait objects without an explicit `dyn` are deprecated
[INFO] [stdout]   --> src/cpu_worker.rs:86:34
[INFO] [stdout]    |
[INFO] [stdout] 86 |     tx_empty_buffers: Sender<Box<Buffer + Send>>,
[INFO] [stdout]    |                                  ^^^^^^^^^^^^^ help: use `dyn`: `dyn Buffer + Send`
[INFO] [stdout] 
[INFO] [stdout] 
[INFO] [stdout] warning: trait objects without an explicit `dyn` are deprecated
[INFO] [stdout]    --> src/miner.rs:358:51
[INFO] [stdout]     |
[INFO] [stdout] 358 |                 .send(Box::new(cpu_buffer) as Box<Buffer + Send>)
[INFO] [stdout]     |                                                   ^^^^^^^^^^^^^ help: use `dyn`: `dyn Buffer + Send`
[INFO] [stdout] 
[INFO] [stdout] 
[INFO] [stdout] warning: trait objects without an explicit `dyn` are deprecated
[INFO] [stdout]   --> src/plot.rs:97:90
[INFO] [stdout]    |
[INFO] [stdout] 97 |     pub fn new(path: &PathBuf, mut use_direct_io: bool, dummy: bool) -> Result<Plot, Box<Error>> {
[INFO] [stdout]    |                                                                                          ^^^^^ help: use `dyn`: `dyn Error`
[INFO] [stdout] 
[INFO] [stdout] 
[INFO] [stdout] warning: trait objects without an explicit `dyn` are deprecated
[INFO] [stdout]   --> src/reader.rs:27:21
[INFO] [stdout]    |
[INFO] [stdout] 27 |     pub buffer: Box<Buffer + Send>,
[INFO] [stdout]    |                     ^^^^^^^^^^^^^ help: use `dyn`: `dyn Buffer + Send`
[INFO] [stdout] 
[INFO] [stdout] 
[INFO] [stdout] warning: trait objects without an explicit `dyn` are deprecated
[INFO] [stdout]   --> src/reader.rs:36:36
[INFO] [stdout]    |
[INFO] [stdout] 36 |     rx_empty_buffers: Receiver<Box<Buffer + Send>>,
[INFO] [stdout]    |                                    ^^^^^^^^^^^^^ help: use `dyn`: `dyn Buffer + Send`
[INFO] [stdout] 
[INFO] [stdout] 
[INFO] [stdout] warning: trait objects without an explicit `dyn` are deprecated
[INFO] [stdout]   --> src/reader.rs:37:34
[INFO] [stdout]    |
[INFO] [stdout] 37 |     tx_empty_buffers: Sender<Box<Buffer + Send>>,
[INFO] [stdout]    |                                  ^^^^^^^^^^^^^ help: use `dyn`: `dyn Buffer + Send`
[INFO] [stdout] 
[INFO] [stdout] 
[INFO] [stdout] warning: trait objects without an explicit `dyn` are deprecated
[INFO] [stdout]   --> src/reader.rs:50:40
[INFO] [stdout]    |
[INFO] [stdout] 50 |         rx_empty_buffers: Receiver<Box<Buffer + Send>>,
[INFO] [stdout]    |                                        ^^^^^^^^^^^^^ help: use `dyn`: `dyn Buffer + Send`
[INFO] [stdout] 
[INFO] [stdout] 
[INFO] [stdout] warning: trait objects without an explicit `dyn` are deprecated
[INFO] [stdout]   --> src/reader.rs:51:38
[INFO] [stdout]    |
[INFO] [stdout] 51 |         tx_empty_buffers: Sender<Box<Buffer + Send>>,
[INFO] [stdout]    |                                      ^^^^^^^^^^^^^ help: use `dyn`: `dyn Buffer + Send`
[INFO] [stdout] 
[INFO] [stdout] 
[INFO] [stdout] warning: unused import: `std::sync::Arc`
[INFO] [stdout]  --> src/requests.rs:9:5
[INFO] [stdout]   |
[INFO] [stdout] 9 | use std::sync::Arc;
[INFO] [stdout]   |     ^^^^^^^^^^^^^^
[INFO] [stdout] 
[INFO] [stdout] 
[INFO] [stdout] warning: unused import: `url::form_urlencoded::byte_serialize`
[INFO] [stdout]   --> src/com/client.rs:11:5
[INFO] [stdout]    |
[INFO] [stdout] 11 | use url::form_urlencoded::byte_serialize;
[INFO] [stdout]    |     ^^^^^^^^^^^^^^^^^^^^^^^^^^^^^^^^^^^^
[INFO] [stdout]    |
[INFO] [stdout]    = note: `#[warn(unused_imports)]` on by default
[INFO] [stdout] 
[INFO] [stdout] 
[INFO] [stdout] warning: trait objects without an explicit `dyn` are deprecated
[INFO] [stdout]   --> src/cpu_worker.rs:67:34
[INFO] [stdout]    |
[INFO] [stdout] 67 |     tx_empty_buffers: Sender<Box<Buffer + Send>>,
[INFO] [stdout]    |                                  ^^^^^^^^^^^^^ help: use `dyn`: `dyn Buffer + Send`
[INFO] [stdout]    |
[INFO] [stdout]    = note: `#[warn(bare_trait_objects)]` on by default
[INFO] [stdout] 
[INFO] [stdout] 
[INFO] [stdout] warning: trait objects without an explicit `dyn` are deprecated
[INFO] [stdout]   --> src/cpu_worker.rs:86:34
[INFO] [stdout]    |
[INFO] [stdout] 86 |     tx_empty_buffers: Sender<Box<Buffer + Send>>,
[INFO] [stdout]    |                                  ^^^^^^^^^^^^^ help: use `dyn`: `dyn Buffer + Send`
[INFO] [stdout] 
[INFO] [stdout] 
[INFO] [stdout] warning: unused imports: `c_void`, `uint64_t`
[INFO] [stdout]    --> src/cpu_worker.rs:233:16
[INFO] [stdout]     |
[INFO] [stdout] 233 |     use libc::{c_void, uint64_t};
[INFO] [stdout]     |                ^^^^^^  ^^^^^^^^
[INFO] [stdout] 
[INFO] [stdout] 
[INFO] [stdout] warning: trait objects without an explicit `dyn` are deprecated
[INFO] [stdout]    --> src/miner.rs:358:51
[INFO] [stdout]     |
[INFO] [stdout] 358 |                 .send(Box::new(cpu_buffer) as Box<Buffer + Send>)
[INFO] [stdout]     |                                                   ^^^^^^^^^^^^^ help: use `dyn`: `dyn Buffer + Send`
[INFO] [stdout] 
[INFO] [stdout] 
[INFO] [stdout] warning: trait objects without an explicit `dyn` are deprecated
[INFO] [stdout]   --> src/plot.rs:97:90
[INFO] [stdout]    |
[INFO] [stdout] 97 |     pub fn new(path: &PathBuf, mut use_direct_io: bool, dummy: bool) -> Result<Plot, Box<Error>> {
[INFO] [stdout]    |                                                                                          ^^^^^ help: use `dyn`: `dyn Error`
[INFO] [stdout] 
[INFO] [stdout] 
[INFO] [stdout] warning: trait objects without an explicit `dyn` are deprecated
[INFO] [stdout]   --> src/reader.rs:27:21
[INFO] [stdout]    |
[INFO] [stdout] 27 |     pub buffer: Box<Buffer + Send>,
[INFO] [stdout]    |                     ^^^^^^^^^^^^^ help: use `dyn`: `dyn Buffer + Send`
[INFO] [stdout] 
[INFO] [stdout] 
[INFO] [stdout] warning: trait objects without an explicit `dyn` are deprecated
[INFO] [stdout]   --> src/reader.rs:36:36
[INFO] [stdout]    |
[INFO] [stdout] 36 |     rx_empty_buffers: Receiver<Box<Buffer + Send>>,
[INFO] [stdout]    |                                    ^^^^^^^^^^^^^ help: use `dyn`: `dyn Buffer + Send`
[INFO] [stdout] 
[INFO] [stdout] 
[INFO] [stdout] warning: trait objects without an explicit `dyn` are deprecated
[INFO] [stdout]   --> src/reader.rs:37:34
[INFO] [stdout]    |
[INFO] [stdout] 37 |     tx_empty_buffers: Sender<Box<Buffer + Send>>,
[INFO] [stdout]    |                                  ^^^^^^^^^^^^^ help: use `dyn`: `dyn Buffer + Send`
[INFO] [stdout] 
[INFO] [stdout] 
[INFO] [stdout] warning: trait objects without an explicit `dyn` are deprecated
[INFO] [stdout]   --> src/reader.rs:50:40
[INFO] [stdout]    |
[INFO] [stdout] 50 |         rx_empty_buffers: Receiver<Box<Buffer + Send>>,
[INFO] [stdout]    |                                        ^^^^^^^^^^^^^ help: use `dyn`: `dyn Buffer + Send`
[INFO] [stdout] 
[INFO] [stdout] 
[INFO] [stdout] warning: trait objects without an explicit `dyn` are deprecated
[INFO] [stdout]   --> src/reader.rs:51:38
[INFO] [stdout]    |
[INFO] [stdout] 51 |         tx_empty_buffers: Sender<Box<Buffer + Send>>,
[INFO] [stdout]    |                                      ^^^^^^^^^^^^^ help: use `dyn`: `dyn Buffer + Send`
[INFO] [stdout] 
[INFO] [stdout] 
[INFO] [stdout] warning: unused import: `std::sync::Arc`
[INFO] [stdout]  --> src/requests.rs:9:5
[INFO] [stdout]   |
[INFO] [stdout] 9 | use std::sync::Arc;
[INFO] [stdout]   |     ^^^^^^^^^^^^^^
[INFO] [stdout] 
[INFO] [stdout] 
[INFO] [stdout] warning: use of deprecated associated function `std::error::Error::description`: use the Display impl or to_string()
[INFO] [stdout]    --> src/requests.rs:124:39
[INFO] [stdout]     |
[INFO] [stdout] 124 | ...                   x.description(),
[INFO] [stdout]     |                         ^^^^^^^^^^^
[INFO] [stdout]     |
[INFO] [stdout]     = note: `#[warn(deprecated)]` on by default
[INFO] [stdout] 
[INFO] [stdout] 
[INFO] [stdout] error[E0308]: mismatched types
[INFO] [stdout]    --> src/com/client.rs:252:25
[INFO] [stdout]     |
[INFO] [stdout] 252 |             account_id: 1337,
[INFO] [stdout]     |                         ^^^^ expected array `[u8; 20]`, found integer
[INFO] [stdout] 
[INFO] [stdout] 
[INFO] [stdout] warning: unused variable: `deadline`
[INFO] [stdout]    --> src/com/client.rs:206:13
[INFO] [stdout]     |
[INFO] [stdout] 206 |         let deadline = Some(submission_data.deadline_unadjusted);
[INFO] [stdout]     |             ^^^^^^^^ help: if this is intentional, prefix it with an underscore: `_deadline`
[INFO] [stdout]     |
[INFO] [stdout]     = note: `#[warn(unused_variables)]` on by default
[INFO] [stdout] 
[INFO] [stdout] 
[INFO] [stdout] error[E0308]: mismatched types
[INFO] [stdout]    --> src/com/client.rs:299:25
[INFO] [stdout]     |
[INFO] [stdout] 299 |             account_id: 1337,
[INFO] [stdout]     |                         ^^^^ expected array `[u8; 20]`, found integer
[INFO] [stdout] 
[INFO] [stdout] 
[INFO] [stdout] warning: 13 warnings emitted
[INFO] [stdout] 
[INFO] [stdout] 
[INFO] [stdout] warning: use of deprecated associated function `std::error::Error::description`: use the Display impl or to_string()
[INFO] [stdout]    --> src/requests.rs:124:39
[INFO] [stdout]     |
[INFO] [stdout] 124 | ...                   x.description(),
[INFO] [stdout]     |                         ^^^^^^^^^^^
[INFO] [stdout]     |
[INFO] [stdout]     = note: `#[warn(deprecated)]` on by default
[INFO] [stdout] 
[INFO] [stdout] 
[INFO] [stdout] error[E0308]: mismatched types
[INFO] [stdout]    --> src/requests.rs:243:38
[INFO] [stdout]     |
[INFO] [stdout] 243 |         request_handler.submit_nonce(1337, 12, 111, 0, 7123, 1193, [0; 32]);
[INFO] [stdout]     |                                      ^^^^ expected array `[u8; 20]`, found integer
[INFO] [stdout] 
[INFO] [stdout] 
[INFO] [stdout] error: aborting due to 3 previous errors; 13 warnings emitted
[INFO] [stdout] 
[INFO] [stdout] 
[INFO] [stdout] For more information about this error, try `rustc --explain E0308`.
[INFO] [stdout] 
[INFO] [stderr] error: could not compile `scavenger`.
[INFO] [stderr] 
[INFO] [stderr] To learn more, run the command again with --verbose.
[INFO] running `Command { std: "docker" "inspect" "f1fdc17c5b77e88eb44c617d0df3d200b028d29ece7a21a692ded1f962b9c360", kill_on_drop: false }`
[INFO] running `Command { std: "docker" "rm" "-f" "f1fdc17c5b77e88eb44c617d0df3d200b028d29ece7a21a692ded1f962b9c360", kill_on_drop: false }`
[INFO] [stdout] f1fdc17c5b77e88eb44c617d0df3d200b028d29ece7a21a692ded1f962b9c360
